= 33*j + 2. Let h be i(-4). Let o be h/2 - (-4 + 5). What is the remainder when o/(-8)*(-16)/(-6) is divided by 8?
6
Suppose 0*l = 2*l - 40. Suppose 2*b - 26 = l. What is the remainder when b is divided by 12?
11
Suppose 296 = 7*i + i. Calculate the remainder when 73 is divided by i.
36
Let i(q) = -41*q - 2. Let c be i(-2). Suppose s + t - 16 = 4*t, 5*s + 2*t - c = 0. Suppose 2*w - 7 = 5. What is the remainder when s is divided by w?
4
Suppose -x + 27 = -7. What is the remainder when x is divided by 13?
8
Suppose y = -5*m - 0*y + 356, 2 = 2*y. What is the remainder when m is divided by 19?
14
Let h(a) = a**3 + 3*a**2 - 5*a - 2. Let l be h(-3). Let m = l + 0. Calculate the remainder when (-4)/(-6) + 224/6 is divided by m.
12
Let m = -11 - -6. Let f(d) = -d + 2. What is the remainder when -4 + (-343)/(-14) - 2/4 is divided by f(m)?
6
Let l = -13 - -51. Calculate the remainder when l is divided by 10.
8
Let s(j) = -2*j - 5. What is the remainder when 15 is divided by s(-7)?
6
Suppose -38 = -0*h - 2*h. Calculate the remainder when h is divided by 10.
9
Suppose -5*b + 0*d = 3*d - 72, -79 = -5*b + 4*d. Calculate the remainder when 132 is divided by b.
12
Let v = 3 + 1. Let z(g) = g + 4. Suppose 0*m = 4*u + m - 10, 3 = -u - 3*m. Calculate the remainder when z(u) is divided by v.
3
Let i = -18 + 10. What is the remainder when 17 is divided by (18/i)/((-5)/20)?
8
Suppose 6 + 24 = 5*m. Suppose 5*r - 4 = m. Suppose -a + r = -0. What is the remainder when 5 is divided by a?
1
Suppose -v - 9 = -3. Let f(w) = -4*w - 8. Calculate the remainder when 46 is divided by f(v).
14
Suppose 0 = 2*o - 39 + 9. Calculate the remainder when o is divided by 7.
1
Let w = 271 + -27. Let o = -22 + 58. What is the remainder when 20 is divided by 4/18 + w/o?
6
Let b(u) = 3*u**3 + 5*u**2 - 6*u + 3. What is the remainder when 68 is divided by b(2)?
33
Let s(w) be the second derivative of 0 - 1/12*w**4 + 5/2*w**2 - w + 3/2*w**3. What is the remainder when s(6) is divided by 12?
11
Suppose 3*d - 3 = 3*n, -d = d + 2*n - 10. Let l(u) = -2*u - 4. Let y be 3/(9/(-21)) - -1. Calculate the remainder when l(y) is divided by d.
2
Let h = 17 - 16. What is the remainder when (34/6)/((-1)/(-3)) is divided by 9 + -5 + h + 1?
5
Let m(j) = 2*j - 23. Let s(o) = 2*o**2 + 4*o + 4. Calculate the remainder when s(-3) is divided by m(13).
1
Let k = 18 - 10. Let f = 48 + -45. What is the remainder when k is divided by f?
2
Suppose -3*u + 38 + 136 = 0. Calculate the remainder when u is divided by 15.
13
Let i(m) = 6*m - 15. Suppose -5*r + 56 = -3*r. What is the remainder when r is divided by i(5)?
13
Let u = -15 + 25. Calculate the remainder when u is divided by 10.
0
Suppose -4 + 13 = 3*x. Suppose 3*m - x = -3*l + 7*m, 2*m + 19 = 5*l. Calculate the remainder when 12 is divided by l.
2
Suppose 5*c - 662 = -2*p, -5*c + 5*p + 678 = 3*p. Calculate the remainder when c is divided by 34.
32
Let v(s) = s**3 - 7*s**2 - 4*s + 6. Calculate the remainder when v(8) is divided by 8.
6
Suppose -4*m + 6 = -2. Suppose -m*x = 6 - 22. Suppose 25 = 5*q, 0 = n + q - 2*q - x. What is the remainder when 38 is divided by n?
12
Let c = -7 + 13. Suppose -2 = 4*l + 5*i, l + 10 = 4*i - 1. What is the remainder when (2/l)/(1/(-15)) is divided by c?
4
Suppose 138 = -2*g - g. Let z = -11 - g. Suppose -2*s - z = -7*s. What is the remainder when s is divided by 4?
3
Let q = 15 + 52. What is the remainder when q is divided by 1/(-2)*2*-23?
21
Let a = -38 + 53. Suppose 2*n - 3*n = m + 1, 10 = 2*m - 2*n. Suppose -4*b + 5 = -5*g + 33, m*g + 2*b - 22 = 0. Calculate the remainder when a is divided by g.
7
Let b be 1 - 2/(-4)*-2. Let v(n) = -n + 9. What is the remainder when v(b) is divided by (5/2)/(3/6)?
4
Suppose -4*b = -8 - 8, -2*b - 22 = -3*z. Suppose j + 33 - 3 = 0. Let i = 8 - j. Calculate the remainder when i is divided by z.
8
Suppose -4*y = 2*g - 60, -42 - 33 = -5*g + 5*y. Suppose -4*r - g = -0*r. Calculate the remainder when 1*-19*5/r is divided by 10.
9
Let r = -7 - -11. Suppose 5*h - 21 = r*h. What is the remainder when (-119)/(-3) + 3/9 is divided by h?
19
Let b(q) = 20*q**2 + q. Let i be b(1). Let w = i - 9. Suppose 4*k = 52 + w. What is the remainder when 46 is divided by k?
14
Suppose 2*g = 3 + 3. Suppose 2*z + 2*n = 10, -g*z = n + n - 11. What is the remainder when 1 is divided by z?
0
Let c(h) = -h**2 - 10*h - 3. Calculate the remainder when 28 is divided by c(-9).
4
Let a be (-9)/6*160/3. Let d = -49 - a. Calculate the remainder when 121 is divided by d.
28
Suppose b - 1 = u, 4*b = 3*u + 4 + 3. Let t be (-1088)/(-20) + 3/5. Suppose d = b + t. What is the remainder when d is divided by 20?
19
Let p = 6 + -6. Suppose -f - 4*w + 13 = p, -4*f = 5*w - 32 - 9. What is the remainder when f is divided by 5?
4
Suppose -2*g = 9 + 3. Let z = g - -11. What is the remainder when 12 is divided by z?
2
Suppose -3*s - 7 = -3*h + 8, -3*h + 5*s = -11. What is the remainder when h is divided by 4?
3
Suppose 0 = -4*f + 6*f + 2*d - 142, -4*f = d - 275. Let n = -104 + f. Let q = -26 - n. What is the remainder when 28 is divided by q?
8
Suppose -91 = -2*x + 33. Let l = 92 - x. What is the remainder when l is divided by 8?
6
Suppose -i = 4*i - 3*f - 11, i + 2*f = 10. Suppose 2*m - 19 = -3*n, m + 0 + i = 0. What is the remainder when 26 is divided by n?
8
Let s(g) = g + 2. Let n be s(-1). Let c(x) = 15*x - 1. What is the remainder when 41 is divided by c(n)?
13
Suppose -4*j = j - 245. Let q = -49 + 62. Calculate the remainder when j is divided by q.
10
Calculate the remainder when 1188/18 - (0 - -2) is divided by 23.
18
What is the remainder when 82 is divided by 2/(-18)*-15*18/5?
4
Let n(x) be the first derivative of x**3/3 - 5*x**2/2 - x - 1. Let p be n(8). Let t = p - 10. Calculate the remainder when 38 is divided by t.
12
Let c = 11 + -5. What is the remainder when c is divided by 3?
0
Let o(b) = -4*b + 2. Let v be o(-2). Suppose -2*c - v = -3*c. Calculate the remainder when 25 is divided by c.
5
Suppose 6*s - 2*s = 76. Calculate the remainder when s is divided by 11.
8
Let c be (0 - -1 - 293) + 0. What is the remainder when (-9)/(-12) - c/16 is divided by 144/15 + (-2)/(-5)?
9
Suppose 64 + 38 = 6*h. What is the remainder when h is divided by 11?
6
Suppose -4*l + 155 = 5*v, 2*l - 35 = -2*v + 41. Suppose 0 = -6*d + d + l. What is the remainder when (-75)/(-4) - (-1)/4 is divided by d?
5
What is the remainder when 76 is divided by 18/36*(-1 - -23)?
10
Let k(m) = -25*m - 6. Calculate the remainder when k(-4) is divided by 48.
46
Suppose 4*o + 6*x = x + 347, -5*o = x - 460. What is the remainder when o is divided by 24?
21
Let c(l) = l**3 - 6*l**2 - 4*l - 6. Suppose 2*h + 24 = 2*j + 2*j, -5*j = 5. Let n = h - -42. Calculate the remainder when n is divided by c(7).
13
Let v(z) = -z + 23. What is the remainder when 41 is divided by v(0)?
18
Let g = 2 - 0. Suppose 0*b + 175 = 5*b + 5*t, -3*b + g*t = -95. Suppose -4*q + 0 = 3*l - b, -3*q = l - 26. What is the remainder when 16 is divided by q?
7
Let q(r) = r**3 + 5*r**2 - 9*r - 5. Let d be q(-6). Let h = d - 9. What is the remainder when h is divided by 3?
1
Suppose u = -4*u + l + 31, -2*l + 22 = 4*u. Let p(t) = -2 - 4 + 7 + t + 1. Calculate the remainder when 23 is divided by p(u).
7
Suppose 0 = -t + 5*k + 88, -4*t - 3*k = -3*t - 56. Calculate the remainder when t is divided by 9.
5
Suppose 135 = -18*d + 405. Calculate the remainder when 54 is divided by d.
9
Suppose 0 = -2*d - 2, -3*d - 2*d - 11 = g. Let i be 208/g + (-3)/9. Let q = i + 69. What is the remainder when q is divided by 12?
10
Suppose 9*w = w + 216. Let i(u) = 11*u**3 - u**2 - u - 2. What is the remainder when i(2) is divided by w?
26
Let x = -5 - -16. Suppose 2*i - 12 = -w + x, -42 = -3*i - 4*w. Calculate the remainder when 18 is divided by i.
8
Suppose -5*i + 67 = -4*g, 0*i - 7 = -2*i - 5*g. Calculate the remainder when 87 is divided by i.
10
Let z(f) be the first derivative of -f**3/3 - 9*f**2/2 - 6*f + 2. Calculate the remainder when 22 is divided by z(-7).
6
Calculate the remainder when (-1)/2 + (-665)/(-10) is divided by 14.
10
Suppose -3*c - 2 = -4*c. Suppose 2*j - 44 = -c*s + 2, j = 3*s - 85. Suppose -o + 45 = 2*o. Calculate the remainder when s is divided by o.
12
Let q(g) = -g + 3. Calculate the remainder when 6 is div